termine r(-7).
-55
Let s(z) = -5*z + 46. Suppose -25*u + 9*u + 224 = 0. Calculate s(u).
-24
Suppose -4*i + 72 = -56. Suppose -i = 4*n + 8. Let d(h) = -h**3 + h**2. Let m(r) = 5*r**3 - 16*r**2 + 2*r + 15. Let t(b) = 6*d(b) + m(b). What is t(n)?
-5
Let x be 8/((-128)/(-280))*(-24)/20. Let n(w) = 2*w + 34. Give n(x).
-8
Let o(k) = k**3 - 14*k**2 + 23*k + 13. Let v be o(12). Let h(q) = -5*q**2 - 4*q + 4. Let a(w) = -6*w**2 - 5*w + 5. Let x(b) = 4*a(b) - 5*h(b). Give x(v).
1
Let s(w) = w**3 + 10*w**2 + 9*w + 10. Let k(d) = 6*d - 38. Let t be k(10). Suppose 2*j + j + 23 = -c, -2*j + c - t = 0. What is s(j)?
10
Let p(w) = w**2 - 14*w + 26. Let u be p(2). Suppose i + 19 = 2*i - 3*v, v + 54 = 4*i. Let s(g) = -i*g - 4*g + 18*g - 5*g + g**2. Calculate s(u).
-4
Let x(h) be the second derivative of 1/2*h**3 + 0 + 0*h**2 - 1/120*h**5 - 1/24*h**4 - 12*h. Let o(s) be the second derivative of x(s). What is o(-5)?
4
Let j(p) be the second derivative of -p**5/20 + p**4/6 - p**3/6 + p**2/2 + 2*p. Let i be -4 - (-2 - 1)*71. Suppose 5*a + i - 219 = 0. Give j(a).
-1
Let s(o) be the second derivative of o**4/12 - 3*o**2/2 - 166*o - 3. Calculate s(-8).
61
Suppose 0 = -46*w + 16*w + 60. Let u(y) = 2*y**w + y**3 - 12*y**2 - 5 - 2*y**2 + 17*y**2. What is u(-5)?
-5
Suppose -55 = -3*a - 2*z, -2*z = z + 3. Let k(h) = 31*h - a*h + 9*h**2 - h**3 - 21*h + 7. Suppose 12*s + 201 - 297 = 0. What is k(s)?
-1
Suppose -a + 8 = 8*t - 14*t, 0 = 4*a - 2*t - 10. Let s(o) be the first derivative of 1/3*o**3 - 11 + 5/2*o**a - 3*o. Determine s(-5).
-3
Let d(k) = 109*k**3 + 26*k**2 - 13*k + 46. Let u(m) = -31*m**3 - 8*m**2 + 4*m - 15. Let i(y) = 2*d(y) + 7*u(y). Give i(4).
-5
Let x(v) = -v**2 - 5*v - 4. Suppose -4*u = u - 100. Let n = 18 - u. Let j be 4 - (4/n - -9). Calculate x(j).
2
Suppose 0 = -4*r + 6*r - 122. Let l = -59 + r. Let o(p) = 1 - 2*p**2 + 9*p**3 + l*p**3 + p**2 - 4*p**3. Give o(-1).
-7
Let p(v) be the second derivative of -v**3 + 0*v**2 - 7/12*v**4 + 11*v - 1/20*v**5 - 5. Suppose 5*o - 1 + 31 = 0. Give p(o).
0
Let u be 13/(520/(-64))*15/(-6). Let v(w) = -23*w + 15*w - u + 7*w. Give v(-9).
5
Let i(h) = -2*h**3 - 65*h**2 + 32*h - 32. Let z be i(-33). Let f be -1 - 3 - (7 - 5 - z). Let y(o) = -o**2 - 5*o - 3. What is y(f)?
-3
Let k be (-1*2)/(4/(-7 + 15)). Let b(f) = -f**3 + f**2 + 7*f + 3. Let v be b(k). Let n(y) = -30*y - 22*y - 1 + v*y. Determine n(4).
11
Let b(k) = k**3 - 5*k**2 + 5*k - 1. Let u(m) = -2*m**3 + 17*m**2 + 130*m - 165. Let n be u(13). Calculate b(n).
3
Let q(v) = v**2 - 4*v - 54. Let c = -3275 + 3269. Determine q(c).
6
Let w be ((-44)/330*(-45)/12)/((-1)/(-26)). Let x(r) = r**2 - 12*r - 34. Give x(w).
-21
Let d(t) = 4*t**2 + 4*t + 11. Let l(c) = 4*c**2 + 3*c + 7. Let y(f) = -2*d(f) + 3*l(f). What is y(-3)?
32
Let x(j) = -24*j**2 - 215*j + 6. Let z = 8961 + -8970. Give x(z).
-3
Let p be (99/44)/(5*(-3)/(-20)). Let q(h) be the second derivative of 0 + 2*h**2 - 1/6*h**p - 11*h. Calculate q(-6).
10
Let a(y) = y - 1 - 53*y**2 + 131*y**2 - 48*y**2 - 26*y**2. Let z(v) = v + 7. Let c be z(-6). Determine a(c).
4
Let d(w) = w**3 - 22*w**2 - 48*w - 27. Suppose 201 = 78*b - 1671. Calculate d(b).
-27
Suppose -3401 = 111*l - 4067. Let o(x) be the first derivative of x**2 - 13*x - 1. What is o(l)?
-1
Let w(i) = 3*i + 46. Let x(h) = h - 6. Let z(r) = w(r) + 3*x(r). Give z(-9).
-26
Let n(k) = 3*k**2 - 15*k + 12. Let f be 26/6 - 108/324. Calculate n(f).
0
Let i(w) = -6*w**2 - 7*w + 3. Suppose 2*p = 3*u - 0*p - 5, -2*u + 2*p + 2 = 0. Let r(x) = 5*x**2 + 6*x - 2. Let t(m) = u*i(m) + 4*r(m). Determine t(-3).
10
Let u(h) = -2*h - 15. Let p(y) = -y - 7. Let m(o) = -14*p(o) + 6*u(o). Let i = -58924 - -58921. What is m(i)?
2
Let k(w) = 5*w**2 + 14*w - 12. Let g(f) = -3*f**2 - 7*f + 6. Let r(b) = 7*g(b) + 4*k(b). Let p be 2/6*-1*(-5 - 7). Calculate r(p).
6
Suppose 50*n + 621 - 221 = 0. Let x(a) = -a**2 + 31*a + 320. Determine x(n).
8
Let t(f) = -2*f**2 - f - 4. Let b be (9 + -5)/(-1 - 0). Let g(n) = -3*n**2 - 5. Let y(q) = b*t(q) + 3*g(q). What is y(4)?
1
Let a(x) be the third derivative of x**4/24 + x**3/3 + 2*x**2 + 5*x. Suppose -9*p + 31 = -14. Calculate a(p).
7
Let t(n) = -1 - 6*n**2 + 15994*n - 7979*n - n**3 - 8017*n. Let a be 3*1*(-2)/1. Determine t(a).
11
Suppose -34*m + 27*m = 2*p + 7, -2 = -2*m. Let x(q) be the first derivative of -q**3/3 - q**2/2 + 8*q + 3. Calculate x(p).
-34
Suppose 6 - 9 = 3*c - 2*c. Let j(i) = 2*i**3 + 4*i**2 + i + 10. What is j(c)?
-11
Suppose 142*a + 824 = 39*a. Let z(j) = -52*j - 410. Give z(a).
6
Let f(r) = 70*r + 57*r - 176*r - 11 + 60*r. Give f(1).
0
Suppose -10*c + 6*c + 152 = 4*y, 3*c - 3 = 0. Suppose -3*f + y = 5*b, 3*f = -4*b + 28 + 4. Let w(p) = 5*p**2 - 4*p**2 - 4 + p + 2*p. Calculate w(f).
24
Let p be (((-4)/3)/((-1)/1))/(5/(-60)). Let h(s) = 5*s + 76. Give h(p).
-4
Let d(t) = 4*t**2 - 14*t - 28. Let v be d(5). Let h(k) = 21*k + 1. What is h(v)?
43
Let d = -6 + 11. Let x(m) = -3*m - 5. Let b(t) = t + 3. Let o(n) = d*b(n) + 2*x(n). Suppose -4*f - 15 = z, -2655*z + 2656*z = 3*f + 20. Calculate o(z).
0
Let d(q) = -15*q**3 + 2*q**2 + 2*q + 1. Let w(y) = 82*y - 8*y**2 + 2*y**3 - 3 - 143*y + 70*y. Let k be w(2). What is d(k)?
16
Let i(w) = 148 + 31*w - 907 + 728. What is i(1)?
0
Let h(s) be the third derivative of -2 + 0*s + 221*s**2 + 7/24*s**4 + 2/3*s**3. Give h(-1).
-3
Let r(k) = -k**2 + k + 3. Suppose 2*y - 12 = -3*n - 0*y, 0 = -4*n - 2*y + 16. Let u be 2/(-12) - (-22)/(-12). Let i be (u - 3)*((-15)/5 + n). Give r(i).
-27
Let h(w) = w**2 - 4*w. Let z be h(4). Let m(b) = z + 130*b - 126*b + 1 + 0. Determine m(-3).
-11
Let n(t) = -19*t**3 + 14*t**2 + 10*t - 8. Let p(u) = 6*u**3 - 3. Let v(f) = -n(f) - 3*p(f). Give v(15).
92
Suppose 60*i - 58*i = 1566. Let n = i - 776. Let u(s) = -5*s + 32. Calculate u(n).
-3
Let m(c) = -8*c**2 + 412 + c**3 - 14*c + 380 - 798. What is m(9)?
-51
Let d(y) = -2*y - 1. Let j = 112 + -78. Suppose j*m + 16 = 26*m. Determine d(m).
3
Let q(m) be the first derivative of m**4/4 + 2*m**3/3 - 9*m**2/2 + 12*m - 437. Calculate q(-5).
-18
Let x(m) = 91*m**2 + 3*m + 3. Let l be x(-1). Let k(g) = -l*g - 97*g - 9 + 189*g. Determine k(9).
0
Suppose 2*o + 2 + 4 = 0. Let a(n) be the second derivative of n**4/12 + 5*n**3/6 + 3*n**2/2 - 304*n. Calculate a(o).
-3
Let v(h) be the third derivative of -7*h**6/144 - h**4/4 + 63*h**2 - h. Let a(i) be the second derivative of v(i). Calculate a(-1).
35
Let g(q) = q + 18. Let i(k) = -2*k - 37. Let h(l) = -9*g(l) - 4*i(l). Let f = -6 + 1. Let s(b) = -b**2 - 7*b - 17. Let y be s(f). Give h(y).
-7
Let g(w) be the first derivative of -w**3/3 + w**2 - w + 3. Let n(z) = z**2 - 8*z + 5. Let i be n(8). Suppose i*k + 2*v = 3, -k + 4*v + 7 = 2*k. What is g(k)?
0
Let y(r) = r**3 - 6*r**2 - 2*r + 20. Suppose 140 + 57 = 36*d + 53. Calculate y(d).
-20
Let m(k) be the second derivative of 0 + k**2 + 38*k + 1/20*k**5 + 1/4*k**4 - 2/3*k**3. Give m(2).
14
Let g = -47 - -47. Suppose -3*w + 12 - 9 = g. Let h(z) = 98*z**3 + w + 0*z**2 + 3*z - z**2 - 97*z**3 - 2*z. What is h(-1)?
-2
Let p(m) = m + 8. Suppose 53*h - 45*h = 40. Suppose -5*s + 26 = -4*f - 22, 0 = -s - h*f - 2. Determine p(s).
16
Let t(v) = 2*v**3 - 586*v**2 - 24*v + 45. Let l(h) = h**3 - 236*h**2 - 12*h + 22. Let o(u) = -5*l(u) + 2*t(u). Give o(9).
7
Let h = -7 + 12. Let y(s) = -29*s + 35. Let f(v) = -49*v + 60. Let n(w) = -10*f(w) + 17*y(w). Calculate n(h).
-20
Let m(n) = -n**3 + 1. Let j(u) = -u + 40. Suppose -q - 23 = -21. Let c(d) = d - 19. Let f(o) = q*j(o) - 5*c(o). Let t be f(5). What is m(t)?
1
Let h(v) = -20*v**2 + 22*v - 14. Let g(i) = -11*i**2 + 12*i - 7. Let n(z) = -11*g(z) + 6*h(z). Suppose 2*b = 4*u + 4 + 4, -3*b + 5*u = -10. Calculate n(b).
-7
Let n(q) be the second derivative of -q**4/12 - q**3/2 - 2*q**2 + 751*q. What is n(-4)?
-8
Suppose -73*p + 608 - 243 = 0. Let f(l) = -l**2 - l - 12. What is f(p)?
-42
Let q = -25 + 337. Suppose 5*y - 302 = -q. Let x(c) = 0*c + c + 1 + c**3 + 8*c**2 - 3*c**2. What is x(y)?
11
Let h(l) be the third derivative of l**8/6720 + l**6/240 + l**5/60 - 33*l**4/8 - 13*l**2 + 2. Let c(p) be the second derivative of h(p). Calculate c(-1).
-2
Let v(l) be the second derivative of -l**4/3 + l**3/3 + 2*l**2 + 7656*l. Let r = 4 - 7. What is v(r)?
-38
Let q(j) be the second derivative of -j**3 + 60*j. Suppose -4 